prime factors of 132130?
2, 5, 73, 181
What are the prime factors of 827075?
5, 33083
What are the prime factors of 135991?
239, 569
List the prime factors of 4510391.
19, 277, 857
List the prime factors of 240621.
3, 80207
What are the prime factors of 3201491?
17, 188323
List the prime factors of 5842749.
3, 11, 101, 1753
What are the prime factors of 245225?
5, 17, 577
What are the prime factors of 657353?
41, 16033
What are the prime factors of 87421?
87421
List the prime factors of 519805.
5, 11, 13, 727
List the prime factors of 281884.
2, 19, 3709
List the prime factors of 27768.
2, 3, 13, 89
What are the prime factors of 21789845?
5, 7, 11, 56597
List the prime factors of 492111.
3, 54679
What are the prime factors of 55725?
3, 5, 743
List the prime factors of 1203456.
2, 3, 1567
List the prime factors of 23429139.
3, 7809713
What are the prime factors of 2815236?
2, 3, 8689
List the prime factors of 182127.
3, 11, 5519
What are the prime factors of 1643470?
2, 5, 149, 1103
What are the prime factors of 511169?
511169
What are the prime factors of 925839?
3, 102871
List the prime factors of 43654.
2, 13, 23, 73
What are the prime factors of 11170903?
101, 110603
List the prime factors of 16308013.
47, 59, 5881
What are the prime factors of 386110?
2, 5, 38611
List the prime factors of 7415201.
7415201
List the prime factors of 8217589.
37, 41, 5417
List the prime factors of 11276179.
1051, 10729
List the prime factors of 947650.
2, 5, 11, 1723
List the prime factors of 139969.
139969
List the prime factors of 180652.
2, 19, 2377
List the prime factors of 1172969.
7, 41, 61, 67
List the prime factors of 4345460.
2, 5, 7, 31039
List the prime factors of 170179.
170179
List the prime factors of 83086.
2, 41543
List the prime factors of 33084017.
1093, 30269
List the prime factors of 863747.
41, 21067
List the prime factors of 9207849.
3, 7, 53, 8273
What are the prime factors of 13186367?
47, 280561
List the prime factors of 950376.
2, 3, 7, 5657
What are the prime factors of 180236?
2, 7, 41, 157
List the prime factors of 98602.
2, 7, 7043
List the prime factors of 9056271.
3, 7, 431251
What are the prime factors of 158396?
2, 7, 5657
List the prime factors of 422967.
3, 140989
List the prime factors of 24300248.
2, 7, 293, 1481
What are the prime factors of 23824281?
3, 13, 610879
What are the prime factors of 426186?
2, 3, 23677
What are the prime factors of 306142?
2, 153071
What are the prime factors of 465890?
2, 5, 46589
What are the prime factors of 473872?
2, 7, 4231
List the prime factors of 256188.
2, 3, 37, 577
List the prime factors of 1682003.
1009, 1667
List the prime factors of 73091.
73091
What are the prime factors of 5006213?
127, 39419
What are the prime factors of 672089?
11, 61099
List the prime factors of 795806.
2, 11, 61, 593
List the prime factors of 4960908.
2, 3, 137803
What are the prime factors of 2763927?
3, 307103
What are the prime factors of 710871?
3, 7, 33851
List the prime factors of 11397093.
3, 19, 79, 2531
List the prime factors of 204054.
2, 3, 71, 479
List the prime factors of 2090776.
2, 261347
List the prime factors of 633981.
3, 17, 31, 401
List the prime factors of 153627.
3, 41, 1249
What are the prime factors of 357753?
3, 11, 37, 293
List the prime factors of 148198.
2, 74099
What are the prime factors of 31309513?
31309513
What are the prime factors of 6255?
3, 5, 139
List the prime factors of 35641.
29, 1229
List the prime factors of 24553215.
3, 5, 43, 12689
List the prime factors of 53291.
7, 23, 331
What are the prime factors of 26378627?
11, 2398057
What are the prime factors of 146373?
3, 97, 503
What are the prime factors of 94187?
97, 971
What are the prime factors of 5513114?
2, 2756557
What are the prime factors of 128571?
3, 17, 2521
List the prime factors of 362049.
3, 17, 31, 229
What are the prime factors of 1856555?
5, 371311
List the prime factors of 222595.
5, 44519
What are the prime factors of 744072?
2, 3, 7, 43, 103
List the prime factors of 1809864.
2, 3, 7, 19
What are the prime factors of 192720?
2, 3, 5, 11, 73
What are the prime factors of 10592489?
23, 460543
List the prime factors of 18632141.
11, 19, 59, 1511
List the prime factors of 352984.
2, 44123
What are the prime factors of 335038?
2, 11, 97, 157
What are the prime factors of 131344?
2, 8209
List the prime factors of 374456.
2, 46807
What are the prime factors of 197440?
2, 5, 617
List the prime factors of 5502531.
3, 31, 59167
List the prime factors of 1222968.
2, 3, 50957
What are the prime factors of 268218?
2, 3, 4967
What are the prime factors of 913947?
3, 67, 4547
What are the prime factors of 557170?
2, 5, 55717
List the prime factors of 254743.
269, 947
What are the prime factors of 2813909?
7, 401987
What are the prime factors of 3553316?
2, 13, 23, 2971
What are the prime factors of 1412357?
1412357
What are the prime factors of 432624?
2, 3, 9013
List the prime factors of 142690.
2, 5, 19, 751
What are the prime factors of 1315523?
11, 59, 2027
List the prime factors of 38731.
7, 11, 503
List the prime factors of 4703670.
2, 3, 5, 5807
List the prime factors of 64737.
3, 7193
What are the prime factors of 246470?
2, 5, 7, 503
List the prime factors of 816105.
3, 5, 41, 1327
List the prime factors of 1225621.
1225621
What are the prime factors of 3289162?
2, 31, 53051
List the prime factors of 208466.
2, 104233
What are the prime factors of 331031?
331031
What are the prime factors of 264937?
23, 11519
List the prime factors of 27547139.
27547139
What are the prime factors of 3304144?
2, 29, 7121
List the prime factors of 1030671.
3, 59, 647
List the prime factors of 29066084.
2, 401, 18121
List the prime factors of 16143.
3, 5381
List the prime factors of 6044675.
5, 7, 13, 2657
List the prime factors of 275372.
2, 43, 1601
List the prime factors of 5633650.
2, 5, 11, 10243
List the prime factors of 3659860.
2, 5, 31, 5903
What are the prime factors of 32185?
5, 41, 157
List the prime factors of 176090.
2, 5, 17609
List the prime factors of 4463482.
2, 383, 5827
What are the prime factors of 327856?
2, 31, 661
List the prime factors of 653542.
2, 31, 83, 127
What are the prime factors of 1862029?
13, 43, 3331
What are the prime factors of 1256053?
23, 97, 563
What are the prime factors of 139758?
2, 3, 23293
List the prime factors of 258264.
2, 3, 17, 211
What are the prime factors of 1894496?
2, 73, 811
List the prime factors of 22010623.
29, 758987
What are the prime factors of 3317015?
5, 13, 51031
List the prime factors of 39886323.
3, 13295441
List the prime factors of 12088082.
2, 1277, 4733
List the prime factors of 14886259.
1117, 13327
What are the prime factors of 11828645?
5, 131, 18059
List the prime factors of 139450.
2, 5, 2789
What are the prime factors of 173007?
3, 47, 409
List the prime factors of 1072958.
2, 536479
List the prime factors of 1848422.
2, 61, 109, 139
List the prime factors of 159389.
159389
List the prime factors of 561807.
3, 62423
What are the prime factors of 365527?
365527
What are the prime factors of 2039022?
2, 3, 113279
List the prime factors of 3473224.
2, 137, 3169
What are the prime factors of 10849505?
5, 103, 21067
What are the prime factors of 2746485?
3, 5, 7, 8719
List the prime factors of 15816212.
2, 3954053
List the prime factors of 3854596.
2, 193, 4993
What are the prime factors of 136287?
3, 19, 797
What are the prime factors of 96785?
5, 13, 1489
List the prime factors of 8455357.
8455357
List the prime factors of 981357.
3, 13, 25163
List the prime factors of 1351632.
2, 3, 29, 971
List the prime factors of 1752912.
2, 3, 7, 37, 47
List the prime factors of 868708.
2, 41, 5297
List the prime factors of 1773667.
7, 253381
List the prime factors of 207048.
2, 3, 8627
What are the prime factors of 274332?
2, 3, 22861
What are the prime factors of 190561?
7, 3889
What are the prime factors of 198050?
2, 5, 17, 233
What are the prime factors of 4844624?
2, 29, 53, 197
List the prime factors of 2638179.
3, 17, 43, 401
What are the prime factors of 1181006?
2, 367, 1609
List the prime factors of 1995667.
47, 42461
List the prime factors of 3662485.
5, 732497
What are the prime factors of 1676427?
3, 19, 29411
What are the prime factors o